?
470
What is the remainder when 1882682 is divided by 188268?
2
What is the remainder when 2943358 is divided by 367?
18
Calculate the remainder when 278840 is divided by 138959.
922
Calculate the remainder when 42357710 is divided by 50.
10
What is the remainder when 76749 is divided by 45?
24
Calculate the remainder when 2361092 is divided by 186.
8
Calculate the remainder when 264226421 is divided by 41.
35
Calculate the remainder when 144711 is divided by 138826.
5885
What is the remainder when 1639604 is divided by 9?
2
What is the remainder when 11396284 is divided by 76485?
19
Calculate the remainder when 12615395 is divided by 12615392.
3
What is the remainder when 603524 is divided by 62?
16
What is the remainder when 1576612 is divided by 1017?
262
Calculate the remainder when 74808447 is divided by 450.
447
Calculate the remainder when 429114 is divided by 42905.
64
What is the remainder when 83517 is divided by 464?
461
What is the remainder when 233853437 is divided by 334?
331
What is the remainder when 1706952 is divided by 1706937?
15
Calculate the remainder when 2896296 is divided by 724051.
92
What is the remainder when 5201331 is divided by 7740?
51
What is the remainder when 67624564 is divided by 106161?
7
Calculate the remainder when 741728 is divided by 5499.
4862
Calculate the remainder when 105090 is divided by 3462.
1230
Calculate the remainder when 146743 is divided by 48613.
904
Calculate the remainder when 349826 is divided by 24977.
148
Calculate the remainder when 76701 is divided by 1533.
51
What is the remainder when 204059581 is divided by 861?
859
Calculate the remainder when 3159316 is divided by 1626.
1624
Calculate the remainder when 49431 is divided by 24257.
917
What is the remainder when 78118 is divided by 25891?
445
What is the remainder when 826507 is divided by 386?
81
Calculate the remainder when 7680463 is divided by 1282.
1
What is the remainder when 2649916 is divided by 392?
388
What is the remainder when 28114 is divided by 1404?
34
What is the remainder when 1804818 is divided by 8?
2
What is the remainder when 430842 is divided by 4308?
42
What is the remainder when 35946745 is divided by 276?
229
What is the remainder when 8159957 is divided by 3153?
3146
Calculate the remainder when 1624515 is divided by 570.
15
What is the remainder when 972479 is divided by 2278?
2051
Calculate the remainder when 22792 is divided by 18614.
4178
What is the remainder when 3428888 is divided by 1196?
1152
Calculate the remainder when 10075175 is divided by 108335.
20
Calculate the remainder when 1929229 is divided by 237.
49
Calculate the remainder when 42833916 is divided by 3059565.
6
What is the remainder when 409958 is divided by 55?
43
Calculate the remainder when 165052499 is divided by 6.
5
What is the remainder when 29697198 is divided by 54?
6
Calculate the remainder when 2990935 is divided by 1025.
1010
Calculate the remainder when 4770295 is divided by 8.
7
What is the remainder when 224219 is divided by 224097?
122
Calculate the remainder when 745105 is divided by 13.
10
What is the remainder when 88309 is divided by 28921?
1546
Calculate the remainder when 39925 is divided by 1078.
39
What is the remainder when 23629274 is divided by 34445?
4
Calculate the remainder when 941312 is divided by 18101.
60
Calculate the remainder when 8022843 is divided by 1088.
1019
What is the remainder when 165242 is divided by 156700?
8542
Calculate the remainder when 73756 is divided by 2234.
34
What is the remainder when 116493291 is divided by 11102?
5
What is the remainder when 1564555 is divided by 1101?
34
What is the remainder when 276369 is divided by 2032?
17
Calculate the remainder when 234135 is divided by 466.
203
What is the remainder when 660398 is divided by 50797?
37
Calculate the remainder when 5391087 is divided by 52.
39
Calculate the remainder when 7972131 is divided by 12437.
14
Calculate the remainder when 390196 is divided by 130061.
13
What is the remainder when 52069803 is divided by 49496?
11
What is the remainder when 948920 is divided by 823?
1
Calculate the remainder when 1257211 is divided by 2245.
11
Calculate the remainder when 63312607 is divided by 65.
7
Calculate the remainder when 1953401 is divided by 83.
79
Calculate the remainder when 114246 is divided by 22792.
286
Calculate the remainder when 5869018 is divided by 15905.
73
What is the remainder when 235344 is divided by 595?
319
Calculate the remainder when 295745 is divided by 1675.
945
Calculate the remainder when 967860 is divided by 40325.
60
What is the remainder when 253532 is divided by 830?
382
What is the remainder when 11233615 is divided by 639?
634
What is the remainder when 1149941 is divided by 60523?
4
What is the remainder when 741954 is divided by 247091?
681
Calculate the remainder when 12638133 is divided by 40.
13
Calculate the remainder when 27854852 is divided by 13927425.
2
What is the remainder when 330453 is divided by 2602?
2601
Calculate the remainder when 469034452 is divided by 2193.
2191
What is the remainder when 43917 is divided by 43805?
112
What is the remainder when 20768504 is divided by 359?
354
Calculate the remainder when 43593459 is divided by 184718.
11
What is the remainder when 57199999 is divided by 128?
127
What is the remainder when 105329795 is divided by 143?
142
What is the remainder when 10263679 is divided by 13?
10
Calculate the remainder when 16075220 is divided by 618277.
18
Calculate the remainder when 1904867 is divided by 52.
3
What is the remainder when 29539458 is divided by 20744?
2
What is the remainder when 614359 is divided by 333?
307
Calculate the remainder when 3484222 is divided by 96.
94
Calculate the remainder when 1273157 is divided by 2453.
50
What is the remainder when 1515525 is divided by 53?
43
What is the remainder when 131178 is divided by 906?
714
What is the remainder when 9350477 is divided by 223?
87
What is the remainder when 1283048 is divided by 50?
48
What is the remainder when 364764 is divided by 52055?
379
Calculate the remainder when 17689440 is divided by 30342.
54
Calculate the remainder when 1847601 is divided by 45.
36
Calculate the remainder when 1012351 is divided by 41.
20
What is the remainder when 80316 is divided by 2430?
126
Calculate the remainder when 2072678 is divided by 1179.
1175
What is the remainder when 967550 is divided by 241884?
14
What is the remainder when 232771 is divided by 76767?
2470
What is the remainder when 7956518 is divided by 2780?
158
Calculate the remainder when 854973 is divided by 52.
41
What is the remainder when 41383503 is divided by 17?
12
What is the remainder when 253632 is divided by 559?
405
What is the remainder when 53121 is divided by 2302?
175
What is the remainder when 102029 is divided by 312?
5
Calculate the remainder when 17746326 is divided by 4825.
4801
Calculate the remainder when 1361452 is divided by 104723.
53
Calculate the remainder when 101142 is divided by 8334.
1134
Calculate the remainder when 1687254 is divided by 102.
72
What is the remainder when 3686058 is divided by 1309?
1223
Calculate the remainder when 3789167 is divided by 14.
11
Calculate the remainder when 1415 is divided by 920.
495
What is the remainder when 34951970 is divided by 22770?
20
Calculate the remainder when 1268156 is divided by 1651.
188
Calculate the remainder when 12774268 is divided by 848.
844
Calculate the remainder when 3082033 is divided by 65575.
8
Calculate the remainder when 349624 is divided by 1329.
97
Calculate the remainder when 19284860 is divided by 209618.
4
What is the remainder when 735377 is divided by 367679?
19
Calculate the remainder when 56879667 is divided by 8125664.
19
What is the remainder when 9834254 is divided by 152?
6
Calculate the remainder when 28108531 is divided by 312317.
1
What is the remainder when 200015 is divided by 15?
5
Calculate the remainder when 981460 is divided by 163574.
16
Calculate the remainder when 474821 is divided by 107.
62
Calculate the remainder when 224186 is divided by 733.
621
Calculate the remainder when 55313642 is divided by 11062725.
17
Calculate the remainder when 72072 is divided by 2000.
72
Calculate the remainder wh